or of w and 222.
74
Let h = 27 - 27. Let c = h + 3. Calculate the highest common divisor of c and 3.
3
Let r = 484 - 436. Calculate the greatest common factor of r and 80.
16
Let n(c) = c + 16. Let b be n(-14). Suppose 5*k = 4*j - 41, 26 = 5*j + 2*k - 50. Suppose -j - 42 = -b*f. Calculate the greatest common divisor of f and 28.
28
Let u(p) = p - 17. Let y be u(22). Suppose -3*m = 0, -3*b = -m - 42 - 18. Calculate the highest common factor of y and b.
5
Suppose 17 - 54 = -4*i + 5*t, 0 = -5*i + 5*t + 40. Suppose -824 = -i*b - 3*s + 5*s, 0 = -2*b - 3*s + 532. What is the greatest common factor of b and 34?
34
Suppose 3*v - 13 = 323. What is the highest common divisor of 70 and v?
14
Let o be 12*1*2/4. Let m = 4 - o. Let n be -32*(3 + -1)*m. Calculate the highest common divisor of 16 and n.
16
Let r(v) = v**2 - v - 15. Let l be r(7). Let q = l - 16. Calculate the highest common divisor of q and 11.
11
Suppose -6 = w - 9. Suppose -3*a + 164 = 2*d, 0 = 3*d - 2*d - w*a - 91. Calculate the highest common divisor of 17 and d.
17
Suppose -n = n - 24. Suppose -z + 4*z = 15. Let b be 0 + 9/45 + 89/z. Calculate the greatest common factor of b and n.
6
Let n(j) = 7*j + 61. Let r be n(-8). Calculate the highest common factor of r and 4.
1
Suppose 7*w - 428 - 937 = 0. Calculate the greatest common factor of 78 and w.
39
Suppose -94*t + 707 + 233 = 0. Suppose 2*d + 395 = 5*w + 7*d, 0 = -3*w + d + 241. Calculate the greatest common factor of t and w.
10
Let q be -2*(-2)/(-8)*(-2 - 2). What is the highest common divisor of 11 and q?
1
Suppose 0 = -2*s - 4, 2*m = -3*s + 6 - 0. Suppose m*g = 9*g - 198. What is the highest common factor of 6 and g?
6
Let t = 81 - 46. Let p(n) = n + 22. Let a be p(-8). What is the highest common divisor of t and a?
7
Suppose 32*t = -65 + 2049. Calculate the greatest common divisor of t and 1116.
62
Let u = 42 + -32. Let o = 2 + u. What is the highest common factor of 24 and o?
12
Suppose 6 = -10*n + 56. Let g be -4 - (n/5 - 32). Calculate the highest common factor of 9 and g.
9
Suppose 3*k - 11 = 1, -3*k = i - 46. What is the greatest common divisor of i and 153?
17
Suppose -3118 - 1579 = -7*a. What is the highest common factor of a and 61?
61
Suppose -6*h - 15 = -5*q - h, 9 = -3*q - 3*h. Suppose q = 2*y + 6, r - y = -0*r + 88. Calculate the greatest common divisor of 34 and r.
17
Let d = 21 + -3. Let a = 14 + d. Suppose x = -x + a. Calculate the greatest common divisor of 80 and x.
16
Let p be (5*2)/(-5 + 7). Suppose -2*j + 6*j - 6 = 2*n, p*j + 3*n = -9. Let w be 45/(3/2 - j). What is the highest common factor of 90 and w?
30
Let p = -623 - -618. Let c(u) = -13*u**2 - 4*u - 1. Let y be c(4). Let b = p - y. Calculate the highest common factor of b and 20.
20
Suppose -16*v + 580 = -6*v. Calculate the greatest common divisor of 348 and v.
58
Let k(u) = 20*u**2 + 14*u + 44. Let l be k(-3). Calculate the greatest common factor of l and 28.
14
Let t(n) = -75*n - 78. Let s be t(-2). Calculate the greatest common factor of s and 81.
9
Suppose 1046*g - 1048*g = -164. What is the greatest common divisor of 123 and g?
41
Let i = 402 - 318. What is the highest common factor of i and 24?
12
Suppose -2467 = -83*o + 139048. Calculate the greatest common divisor of o and 22.
11
Suppose 3*w + 6 = -4*b - 10, 2*w + 16 = -4*b. Let a be (-6)/33 + w - 2848/(-176). What is the greatest common divisor of 304 and a?
16
Suppose 25 = 2*i - 5*c, 5*i - 10 = 5*c + 30. Suppose 3*l - 34 = i. Let f = 3970 - 3879. Calculate the highest common factor of f and l.
13
Let o be (-26)/(-4) - (-100)/200. Let t be 98*(2 + 6/(-4)). Calculate the greatest common divisor of o and t.
7
Let g(n) = -n + 0*n + 12 + 9*n - 7*n. Let s be g(6). Calculate the greatest common divisor of s and 6.
6
Let x(f) = -2*f**2 - 24*f - 7. Let u be x(-8). What is the greatest common factor of 76 and u?
19
Let f(o) = o**2 - 5*o - 3. Let b be f(-3). Let u be 18/((b/(-9))/(-7)). What is the greatest common factor of 9 and u?
9
Suppose -o + 107 = 35. Let t be -4 - -8 - (-6)/(-2). Suppose 0 = 3*y - t - 26. Calculate the greatest common factor of o and y.
9
Suppose 0 = -3*a - 12*a + 300. What is the highest common divisor of a and 60?
20
Let c(o) = -o**2 + 6*o + 8. Let i be c(7). Let r be (-1 - -1) + 154 + i + 0. What is the highest common factor of 31 and r?
31
Let j be -2 + 0*1/4. Let y be ((-28)/5)/j*90. What is the highest common factor of 28 and y?
28
Suppose j - 2*j + 5*l + 17 = 0, -3*j + 5*l + 101 = 0. Let x be 163/23 - (-88)/(-1012). Calculate the highest common factor of j and x.
7
Suppose -7*m = -6*m - 2. Let u be 1230/8 + m/8. What is the greatest common factor of u and 14?
14
Let i(r) = r**2 + 15*r + 35. Let a = -23 - -10. Let z be i(a). What is the highest common divisor of 3 and z?
3
Let k be (-3)/(-2)*26/3. Suppose x = -2*x + 5*y + 9, -3*x + 9 = 4*y. Suppose b + x*b = 364. Calculate the greatest common divisor of k and b.
13
Suppose 2*i - 3*u - 17 = -4*u, -5*u = -4*i - 1. Suppose -i*v = -11*v. Suppose v = -4*f + 3*f + 13. Calculate the greatest common factor of 13 and f.
13
Let d be (126/56)/(((-1)/4)/(-1)). What is the highest common factor of 18 and d?
9
Suppose 7*p + 308 = s + 2*p, -4*s + 1232 = 5*p. Let f = 464 - s. Calculate the highest common factor of f and 39.
39
Let l be (1/(-3))/(1/(-18)). Suppose -4*v = -5*p - 12, p - l = -0*p - 2*v. Suppose p*z - 20 = -z. Calculate the greatest common factor of z and 10.
10
Let p be 10/(-20) - (-215)/10. Let x be (-2 - 7/(-2))*28. What is the greatest common factor of p and x?
21
Let q = 44 + 5. Calculate the highest common divisor of 931 and q.
49
Suppose 0*w - 5*w + 4*h = -14, 5*h - 1 = -3*w. Suppose 3*j - w*j = -3. Let l be 7/(j/24*-4). What is the highest common factor of l and 28?
14
Let w(r) = 2*r - 2. Let n be w(2). Suppose 3*x - 55 = -o + n*x, 3*x - 220 = -4*o. Suppose 0 = -2*u - 15 + 59. Calculate the highest common divisor of u and o.
11
Let b = 112 - 109. Suppose n + 3*q = 14, 0*q + 22 = b*n + 4*q. Calculate the greatest common divisor of 8 and n.
2
Suppose -255 = -8*i + 833. Let k = -11 - 37. Let r be (1 - 0) + k/(-3). Calculate the greatest common factor of i and r.
17
Let l = 14 - 12. Suppose 2 = -l*c + 6. Calculate the greatest common divisor of 16 and c.
2
Suppose 35*m - 39*m = 4*r - 4232, 0 = -4*r - 2*m + 4240. Calculate the greatest common factor of r and 236.
118
Let w = 1535 - 1463. What is the highest common factor of 8 and w?
8
Suppose -w + c + 5 + 15 = 0, 0 = -3*c + 12. Calculate the greatest common divisor of 60 and w.
12
Suppose -3*r + 5*y + 488 = -98, -r + 200 = -4*y. Let d be (-12)/8*(2 - r/9). What is the highest common divisor of d and 145?
29
Let m = 10 + -2. Let v = 11 - m. Let t be (10/4)/(125/450). What is the greatest common factor of v and t?
3
Let q be (-6)/(-6 - -18)*0/(-1). Suppose -2*o = q, 2*j + 28 = -o + 140. What is the highest common divisor of j and 14?
14
Let x = 25 + -23. Suppose -x*k + 4*a - 14 = 0, -4*a = -8*a + 16. What is the highest common divisor of k and 5?
1
Let p(s) = -s**2 + 3*s - 7. Let b be p(-6). Let g = b - -9. Let i = -20 - g. Calculate the greatest common divisor of 48 and i.
16
Let o = 580 + -568. Calculate the highest common divisor of o and 15.
3
Let q(i) = i**3 + 10*i**2 - 18*i - 2. Suppose 3*d - 4*d = -m + 13, 0 = 3*d - 2*m + 37. Let f be q(d). What is the highest common factor of 30 and f?
15
Let m = 10 + -5. Suppose 4*a - 2*a = m*v - 713, -5 = -5*a. Let n = -98 + v. Calculate the greatest common factor of n and 9.
9
Let g be (-80)/(-12) - 3/(-2 + -7). Suppose g*m = 4*m + 45. Suppose -2*p + 240 = -0*p. What is the highest common divisor of m and p?
15
Let r = 28 - 25. Suppose -2*w = -5*n + 61, 0*n + 5*w = n - r. Let s be 2/(-3)*(-78)/4. What is the greatest common divisor of n and s?
13
Let f = -31 - -40. Suppose 4*y + 6 = 2*p, -p = y - 6 - f. What is the greatest common factor of 11 and p?
11
Let v = -605 - -863. Suppose -v = 4*w - 342. Let h = 49 - 35. What is the highest common factor of w and h?
7
Let u(n) = 6*n**3 + 32*n**2 + 6*n + 5. Let o be u(-5). Calculate the greatest common divisor of o and 3.
1
Let q(v) = -v**2 - 11*v - 6. Let l be q(-6). Let t(f) = -6*f - 6. Let r be (4/(-3))/(2/3). Let z be t(r). Calculate the greatest common divisor of l and z.
6
Suppose -